te the greatest common factor of 86322 and 129.
3
What is the greatest common factor of 43173 and 9256221?
351
What is the greatest common divisor of 99 and 25717791?
33
What is the highest common factor of 47656 and 488?
8
Calculate the highest common divisor of 840 and 2071185.
15
Calculate the highest common factor of 145504 and 70051082.
9094
Calculate the greatest common divisor of 9 and 1308270960.
9
What is the highest common factor of 76480 and 25119856?
3824
What is the greatest common divisor of 676105 and 130?
5
Calculate the greatest common factor of 111199 and 188639.
121
Calculate the greatest common factor of 63000680 and 77004.
2852
What is the greatest common factor of 56386 and 509047?
121
Calculate the highest common factor of 13 and 4530201.
13
What is the highest common divisor of 20521380 and 170?
170
Calculate the greatest common divisor of 25 and 37081375.
25
Calculate the greatest common factor of 11448591 and 22.
11
What is the highest common factor of 4939438 and 210?
14
What is the highest common factor of 7956 and 19295510?
442
What is the highest common factor of 221804 and 6688?
44
Calculate the greatest common divisor of 55 and 5761811.
11
Calculate the greatest common divisor of 2796848 and 469.
67
Calculate the highest common factor of 61155827 and 8248.
1031
Calculate the highest common factor of 97114 and 1298.
118
Calculate the greatest common divisor of 162440 and 3565.
155
Calculate the greatest common factor of 2057 and 12155297.
121
Calculate the greatest common factor of 702 and 6664464.
54
What is the highest common divisor of 7381125 and 27?
27
Calculate the greatest common divisor of 29826432 and 184960.
2176
Calculate the greatest common factor of 4845 and 9988775.
1615
What is the highest common factor of 16707456 and 3168?
288
Calculate the greatest common divisor of 2114 and 63375304.
302
Calculate the highest common factor of 173950 and 287042.
98
What is the greatest common factor of 46 and 22941166?
46
Calculate the highest common factor of 27 and 2189723922.
27
What is the highest common factor of 17915244 and 84?
12
What is the greatest common divisor of 151256 and 7635320?
2072
Calculate the greatest common divisor of 90 and 86985810.
90
Calculate the highest common divisor of 431661 and 20121.
57
Calculate the highest common divisor of 5416853 and 48019.
1549
What is the highest common factor of 1407670 and 46?
2
What is the greatest common divisor of 1091070 and 2270?
10
What is the greatest common factor of 93 and 525102?
3
What is the greatest common factor of 3886644 and 417324?
5028
What is the greatest common divisor of 4745745 and 11084?
163
What is the highest common divisor of 206996898 and 6?
6
What is the highest common divisor of 23289 and 696759?
21
What is the greatest common divisor of 1296 and 133093854?
162
Calculate the greatest common factor of 7944115 and 435.
145
Calculate the greatest common factor of 268 and 29423452.
268
What is the highest common factor of 41830218 and 35784?
1278
Calculate the greatest common divisor of 3 and 44093436.
3
What is the greatest common factor of 2050 and 3680160?
410
Calculate the highest common divisor of 3392 and 7110374.
106
Calculate the greatest common factor of 112 and 384816.
16
What is the greatest common divisor of 84 and 760452?
84
What is the greatest common divisor of 4477738 and 10622?
226
Calculate the highest common divisor of 1950 and 63870.
30
Calculate the greatest common divisor of 138268 and 9971.
13
What is the highest common divisor of 63662359 and 1203?
401
What is the highest common divisor of 7800588 and 2700?
36
Calculate the highest common factor of 19195709 and 18986.
863
What is the highest common factor of 1585372 and 34365?
2291
What is the greatest common factor of 2040 and 129585900?
1020
What is the greatest common divisor of 94 and 4288421?
47
Calculate the highest common factor of 31500 and 821625.
2625
Calculate the greatest common divisor of 26 and 189418333.
13
Calculate the greatest common divisor of 1072 and 160499840.
1072
What is the highest common divisor of 210 and 2066806?
14
Calculate the greatest common divisor of 69308322 and 12270.
2454
Calculate the highest common factor of 594 and 7168678.
22
Calculate the highest common divisor of 9681 and 122165.
461
What is the highest common factor of 35 and 3034019555?
35
Calculate the greatest common factor of 36 and 162352008.
36
Calculate the highest common factor of 94528 and 93968.
112
What is the highest common factor of 4856481 and 95613?
3297
What is the greatest common divisor of 96767 and 4060973?
463
Calculate the highest common divisor of 5106 and 295859511.
2553
Calculate the highest common divisor of 27858719 and 721.
721
What is the greatest common divisor of 29927456 and 13?
13
What is the greatest common divisor of 69368 and 627647?
667
What is the greatest common factor of 1610 and 8282330?
70
What is the highest common factor of 4850 and 193758470?
970
What is the highest common divisor of 3958110 and 54?
18
Calculate the greatest common factor of 716506264 and 38.
38
What is the greatest common factor of 62651216 and 272?
16
What is the greatest common factor of 885432 and 2286576?
1896
What is the greatest common divisor of 52820683 and 527?
527
What is the greatest common factor of 7900 and 4574890?
790
What is the greatest common divisor of 416709 and 5931?
9
Calculate the highest common divisor of 78012 and 9066.
6
Calculate the greatest common factor of 16 and 7075664.
16
What is the greatest common factor of 1457699 and 25517?
323
What is the greatest common factor of 752294991 and 147?
147
Calculate the greatest common factor of 86325 and 406303.
1151
What is the greatest common factor of 16560313 and 7?
7
What is the greatest common factor of 13 and 23065107?
13
Calculate the greatest common factor of 14610599 and 187.
17
Calculate the greatest common divisor of 4407 and 9283521.
39
Calculate the greatest common factor of 1299 and 208958439.
1299
What is the greatest common divisor of 257229459 and 9?
9
Calculate the greatest common divisor of 22 and 22533258.
22
Calculate the highest common factor of 531 and 17974291.
59
What is the highest common divisor of 137 and 12567010?
137
Calculate the greatest common factor of 1940 and 125477260.
1940
What is the greatest common divisor of 334809 and 1125?
9
Calculate the highest common divisor of 4103626 and 106.
2
What is the greatest common divisor of 14383143 and 135?
27
What is the highest common factor of 82472 and 34138?
338
Calculate the greatest common divisor of 4570118 and 14.
14
What is the greatest common factor of 9401224 and 392?
56
Calculate the greatest common factor of 11831740 and 1152706.
5078
Calculate the highest common divisor of 864 and 1330776.
216
What is the greatest common divisor of 2893780 and 2050?
410
Calculate the highest common factor of 58 and 140604557.
29
What is the highest common divisor of 165 and 89440395?
165
What is the highest common factor of 27276852 and 12?
12
Calculate the greatest common divisor of 10378484 and 4028.
76
What is the greatest common divisor of 136188 and 1737173?
97
Calculate the highest common factor of 543500625 and 6018.
3009
What is the highest common divisor of 11690857 and 58?
29
Calculate the greatest common divisor of 1140 and 10261140.
1140
What is the greatest common divisor of 107716 and 980?
28
What is the greatest common factor of 209 and 845519?
19
What is the highest common divisor of 252595 and 1235?
5
What is the highest common divisor of 819 and 1222417?
7
Calculate the highest common factor of 63945313 and 391.
391
What is the highest common factor of 59598 and 79643718?
1386
What is the greatest common divisor of 10 and 1058066?
2
What is the highest common divisor of 60 and 117990?
30
What is the greatest common divisor of 764 and 412706497?
191
What is the highest common factor of 4345 and 710765?
55
What is the highest common divisor of 226327 and 395872?
89
Calculate the greatest common divisor of 1576 and 2528.
8
What is the highest common divisor of 287956754 and 8886?
2962
Calculate the highest common divisor of 156 and 850092.
12
Calculate the greatest common factor of 98 and 19